 be j(-21). Let s(d) = -d**2 + 5*d - 1. What is s(l)?
-7
Let s(g) = -15*g**2 + g. Suppose -5*c = -4*p + 25 - 4, 5*p - 16 = -4*c. Calculate s(c).
-16
Let m(l) = -5*l - 11. Let c(i) = 2*i. Let t(d) = c(d) + m(d). What is t(-5)?
4
Let s(j) = 5*j. Let c be (4/(-8) - 1) + (-40)/(-16). Determine s(c).
5
Let n = -498 - -492. Let x(d) = -d**3 - 7*d**2 - 7*d - 3. Calculate x(n).
3
Let k(l) = -l + 13. Let d be k(6). Suppose -d*p + 0 = -28. Let t(x) = x**2 - 6*x + 4. Give t(p).
-4
Let f(v) = 3*v - 6. Let q(n) = -16*n + 31. Let k(j) = 11*f(j) + 2*q(j). Calculate k(3).
-1
Let b(t) = t**2 + 5*t + 6. Suppose 29*l = 10*l - 57. Give b(l).
0
Let p(i) = 5 - 6*i + 4*i - 2*i + 0*i + 3*i. Give p(-4).
9
Let y be (-7)/(-14)*2*2. Let p(v) = 26*v**2 - v**3 - 31*v**2 + 4 + y*v - 3 + 1. What is p(-5)?
-8
Suppose -9 = -4*k + k. Let l(i) be the third derivative of i**6/120 - i**5/20 - i**4/8 + i**3/2 - 2*i**2 - 2730. Determine l(k).
-6
Let g(x) = -41*x**2 - 1 + 0*x**3 - 8*x**3 + 43*x**2. What is g(-1)?
9
Let f = 174 + -165. Let r(s) = 0*s + 2*s - f - 15 + 15. Suppose -2*n - 2*v = -9 - 7, -5*n = -3*v - 24. What is r(n)?
3
Let h(a) = 5*a**2 - 4*a**2 + 115 - 108 - 3*a. Determine h(5).
17
Let i(p) = p**3 - 2*p**2 - 5. Suppose -57*r = -77*r. Give i(r).
-5
Let z(s) = 13*s**3 + 37*s**2 - 49*s - 44. Let j(g) = 3*g**3 + 9*g**2 - 12*g - 11. Let p(n) = 9*j(n) - 2*z(n). Let u = 5 - 13. What is p(u)?
5
Let u be (-3)/15 - (-57)/(-15). Let o(b) be the third derivative of -b**4/8 + b**3/2 - 12*b**2 + b. Determine o(u).
15
Let j(h) = 2*h - 20. Let x be j(11). Let t(o) = 31*o + o**3 + 4 - 36*o - 4*o**2 + 0*o**x. What is t(4)?
-16
Let h = 20 - 16. Let s = h + -12. Let f(y) = -9*y + 4. Let a(p) = 27*p - 11. Let j(k) = s*f(k) - 3*a(k). Give j(-1).
10
Suppose -24 = 5*t + 4*g, 4 = 6*t - 8*t + 4*g. Let o(u) = -u**2 - 2*u + 2. Determine o(t).
-6
Let q(a) = -a**2 + a - 6. Let b be 1*0/(-3)*(-7)/28. Calculate q(b).
-6
Let x(a) = 3*a**2 - 2*a - 2. Let w(n) = -5*n - 8. Let l be w(-2). Calculate x(l).
6
Let c = 33 + -21. Let n be (-1)/((-3)/c) - 1. Let a(x) = -4*x + n + 3*x - x. Give a(4).
-5
Let p = 7 + -5. Let m(n) = 0*n - p - 3*n - 1 + n**2. Let a be (-17)/(-4) - 5/20. Calculate m(a).
1
Let z(g) be the third derivative of -1/24*g**4 + 0*g + 0 - 9*g**2 + 0*g**3. What is z(2)?
-2
Let p = -631 - -622. Let c(y) = -y**3 - 9*y**2 + 2*y - 8. Determine c(p).
-26
Let j = -108 - -108. Let w(o) = -o**2 + o - 4. What is w(j)?
-4
Let b(v) = 3*v - 6*v + 20*v + 8 - 15*v. Calculate b(-5).
-2
Let q(g) = -37*g - 12. Let y(k) = 26*k + 8. Let b(v) = -5*q(v) - 7*y(v). What is b(-2)?
-2
Let j(w) = 3*w**2 - w. Suppose -2 = -z + 2*z, 4*x - 4*z = 4. Determine j(x).
4
Let p(w) = 2 + 10*w - 29*w + 3 + 1 + 18*w. Give p(17).
-11
Let b(j) = -8*j**2 + 17*j. Let d(l) = -5*l**2 + 9*l. Let i(p) = 3*b(p) - 5*d(p). Determine i(-6).
0
Let b(g) = -17*g + 2*g**2 - 12*g + 14*g. What is b(7)?
-7
Let w(m) = -5*m**2 - 11*m + 3. Let v(p) = -14*p**2 - 32*p + 9. Let y(l) = -6*v(l) + 17*w(l). Calculate y(4).
1
Let n(l) = l + 1. Let a(w) = 23 - 23 - 4*w. Let j(r) = a(r) + n(r). What is j(1)?
-2
Let k(v) = -2*v + 28. Let i(o) = 5*o**2 + 32*o + 65. Let h be i(-4). Determine k(h).
-6
Let u(l) = -43 + 15 + 18*l + 5*l + 18 + 16. Give u(-4).
-86
Let u(p) be the third derivative of -p**4/6 - p**3/6 + 10*p**2 + 3*p. Determine u(-3).
11
Let b = -7 - -21. Let y = b + -16. Let c(x) be the third derivative of x**5/20 + x**4/12 - x**3/3 + 5*x**2. What is c(y)?
6
Suppose 6 - 16 = -2*z. Suppose 5*r = -5*k + 25, -3*k - k = z*r - 17. Let u(b) = 6*b - 5 - b**2 - b - 3*b + k. Determine u(4).
-5
Let x be 1*4/(-11)*88/(-16). Let q(o) = -2*o + 8. Determine q(x).
4
Let n(j) = j - 4. Let q be n(6). Let k(u) = -u**q + 1 - 2 + u + 0 + 0*u**2. Let d(c) = -c**3 - 8*c**2 + c - 2. Let t(f) = -d(f) + 3*k(f). What is t(-4)?
7
Let q(n) = n**2 + 12*n + 27. Let s be q(-10). Let i(c) be the second derivative of 0 + 1/12*c**4 + 0*c**2 + 1/20*c**5 - s*c + 0*c**3. Calculate i(-2).
-4
Let a(s) = 5*s + 7. Let m(u) = -u. Let r be 3 + 1 + 0/(-4). Let o(n) = r*m(n) + a(n). Calculate o(5).
12
Let t(a) be the third derivative of -a**5/60 + 7*a**4/24 - 2*a**3/3 + 3*a**2. Suppose -6 = -3*h, h = 2*k + 2*k - 26. What is t(k)?
-4
Let v(h) = -h**3 + 5*h**2 - 2*h + 2. Let z(c) = -c**3 + 9*c**2 - 7*c - 3. Let r = 26 + -18. Let j be z(r). Give v(j).
-8
Let a = 0 + 2. Let l(c) = -a - c**3 + 0*c**3 - 4*c**2 + 6*c + 5. Let q = -392 - -387. What is l(q)?
-2
Let i(y) = y**2 + 5*y - 7. Let q(z) = z + 1. Let g(v) = -i(v) + 5*q(v). Let o be -1 - -1 - 0/2. Calculate g(o).
12
Let d(z) = z**3 - 9*z**2 + 9*z - 11. Let r be (-80)/(-3)*72/32. Suppose -57*w + r*w = 24. Give d(w).
-3
Let l(i) = i**3 - 4*i**2 - 6*i + 5. Let t be l(5). Let b = t - -14. Let f = 12 - b. Let r(v) = -2*v**2 + 2*v + 1. What is r(f)?
-11
Let b(l) be the first derivative of -l**3/3 + 2*l**2 + 4*l + 79. Give b(6).
-8
Suppose 9*m + 133 = 16*m. Let a(s) = 2*s - 35. Give a(m).
3
Let d be (-5 + 78/12)/((-6)/(-8)). Let w(m) = 330*m**2 - 325*m**d + 4*m + m**3 + 0 + 3. What is w(-4)?
3
Suppose 4*g - 19 = 5*b, -2*g + 4*b - 22 = -5*g. Let s(c) = -g*c - 2 + 3 + 5*c. Calculate s(2).
-1
Suppose 0 = -3*a + h + 12, -3*a + 12 = 4*h - 0*h. Suppose a*i - 8*i = -40. Let p = -9 + i. Let w(j) = j**2 - 2*j. What is w(p)?
-1
Let j(o) be the first derivative of -o**4/12 - o**3/2 - o**2/2 + 57*o + 23. Let h(i) be the first derivative of j(i). Calculate h(4).
-29
Let d(b) = -34*b - 34. Let j be d(-1). Let a(y) = -3*y + 9. Calculate a(j).
9
Let t(w) = 4*w - 11. Let d(s) = 5*s - 13. Let o(i) = 5*d(i) - 6*t(i). Let z(r) = r**2 - 2*r - 1. Let g(l) = -3*o(l) + z(l). What is g(4)?
-8
Let l(m) = -m. Suppose -37*f + 4 = -33*f. Let g(x) = -5*x - 6. Let i(q) = f*g(q) - 6*l(q). What is i(7)?
1
Let l(g) = -8*g**2 + 14 + 4*g + g + 23*g**2 - 9*g**2 - 7*g**2. Give l(6).
8
Let a(r) = r**2 - 6*r + 2. Let j be a(6). Let i(h) = 363*h - 363*h + 20*h**3 + h**j. Calculate i(-1).
-19
Let b(j) = 1. Let q(w) = w + 11. Let l(u) = 3*b(u) + q(u). Give l(-6).
8
Let l(q) be the first derivative of -q**3/3 - 3*q**2 + 2. Suppose -2*w - 75 = 5*p - w, -w - 60 = 4*p. Let c(f) = -f**2 - 15*f - 6. Let u be c(p). What is l(u)?
0
Let n(b) = 1 + 1027*b - 1024*b + 5 - 1. Determine n(4).
17
Let f(t) = t**2 + 14*t + 17. Suppose 40*m = 30*m - 130. Determine f(m).
4
Suppose 0 = -3*r + r + 18. Let k(d) = d**2 - 8*d - 8. Let h be k(r). Let a = h + 3. Let n(x) = x**2 - 3*x - 2. What is n(a)?
2
Let p(j) = -4*j + 3. Let m(n) = n - 1. Let k(x) = 5*m(x) + p(x). Suppose 3*y + 5 = -4*w, -2*w = w + 3*y + 3. Give k(w).
-4
Let u(z) = z**2 - 10*z + 8. Let y(h) = h**2 - 11*h + 7. Let d(s) = -3*u(s) + 2*y(s). What is d(5)?
5
Suppose -3*c + 2*c = 0. Let t(u) = 24*u**2 + 13*u - 8. Let g(d) = 13*d**2 + 7*d - 4. Let b(s) = -11*g(s) + 6*t(s). What is b(c)?
-4
Let j be (-10)/4*1*-2. Let u(a) = j*a - 10 - 4*a - 5 + 16. What is u(-6)?
-5
Let f(a) be the third derivative of a**4/24 - a**3/2 - 84*a**2. Give f(7).
4
Let v(p) = -p**3 + 2*p**2 - p. Let q(l) = 5*l**3 - 6*l**2 + 6*l - 1. Let a(o) = q(o) + 6*v(o). Determine a(6).
-1
Suppose -6*w + 2 = -10. Suppose 5*k + r + 8 = -2*r, 0 = -w*k + 5*r + 3. Let o(v) be the first derivative of v**3 + v**2 + v - 1. Calculate o(k).
2
Let a(r) = -r**3 + 8*r**2 + 10*r - 3. Let w = -15 - -24. Determine a(w).
6
Let p(c) = c**2 + 11*c - 5. Suppose -22*j - 15*j - 444 = 0. Calculate p(j).
7
Suppose -4 = 3*l - 8*k + 3*k, 0 = 4*k - 8. Suppose 0 = -4*n + 3*s - 15, -2*n = -l*s + 2 + 4. Let m(i) = i**3 + 5*i**2 - 3*i + 7. Determine m(n).
-11
Let o(p) = 9*p - 10*p + 36 - 34. Let v be (-66)/(-10) + (-2)/(-5). Determine o(v).
-5
Suppose -2*r = -v + 2 - 1, -5*r = -3*v + 1. Let a(l) = 9*l + 25. Let f be a(v). Let o(y) = -1. Let j(t) = 5*t + 4. Let b(d) = j(d) + 4*o(d). Give b(f).
-10
Let g = 18 + -25. Let y(o) = o**2 + 6*o - 8. Let t be y(g). Let d(k) = k**2 - k - 1. Let w(r) = 19*r**2 - 4*r - 5. Let i(b) = 4*d(b) - w(b). What is i(t)?
-14
Let f(d) = d**2 + 6*d + 1. Let q be f(-4). Let x(v) = v**3 + 9*v - v**3 + 8*v**2 + 9 + v**3. Calculate x(q).
-5
Let k(z) = -6*z**2 + 3*z. Let n(w) = -w**2 + w. Let d(v) = -k(v) + 2*n(v). Let g(a) = -a**2 + 2*a + 34. Let b be g(7). Give d(b).
5
Let a(d) = 13*d**2 - 3*d + 10. Let m(s) = 26*s**2 - 6*s + 24. Let n(i) = 5*a(i) - 2*m(i). Determine n(1).
12
Let v be (0/(-1))/(5 - (